{"id":672,"date":"2021-06-22T10:19:04","date_gmt":"2021-06-22T10:19:04","guid":{"rendered":"https:\/\/greenreparationsfoundation.org\/?page_id=672"},"modified":"2023-06-05T12:12:58","modified_gmt":"2023-06-05T12:12:58","slug":"qui-sont-ils","status":"publish","type":"page","link":"https:\/\/greenreparationsfoundation.org\/?page_id=672","title":{"rendered":"Qui sont-ils ?"},"content":{"rendered":"\n<p class=\"has-medium-font-size\"><mark style=\"background-color:rgba(0, 0, 0, 0)\" class=\"has-inline-color has-black-color\">Afin de faire la lumi\u00e8re sur l&rsquo;Histoire de Maurice, nous souhaitons mettre en avant des personnalit\u00e9s soit trop peu mises en \u00e9vidence alors qu&rsquo;elles ont contribu\u00e9 \u00e0 de grandes avanc\u00e9es \u00e0 Maurice ou \u00e0 l&rsquo;inverse r\u00e9tablir la v\u00e9rit\u00e9 sur des personnes dont le nom est encore c\u00e9l\u00e9br\u00e9 pour l&rsquo;aide apport\u00e9e sur l&rsquo;\u00eele mais en occultant le fait qu&rsquo;ils ont b\u00e9n\u00e9fici\u00e9 de l&rsquo;esclavage et de la traite n\u00e9gri\u00e8re.<\/mark><\/p>\n\n\n\n<div style=\"height:30px\" aria-hidden=\"true\" class=\"wp-block-spacer\"><\/div>\n\n\n\n<div class=\"wp-block-file\"><a id=\"wp-block-file--media-1db078c4-81e2-4a77-b37a-686dbeb8dcbf\" href=\"https:\/\/greenreparationsfoundation.org\/wp-content\/uploads\/2023\/06\/Comte-de-Malartic.pdf\" target=\"_blank\" rel=\"noreferrer noopener\"><mark style=\"background-color:rgba(0, 0, 0, 0);color:#1baf0d\" class=\"has-inline-color\">Qui est-ce n\u00b01 : Le Comte de Malartic<\/mark><\/a><a href=\"https:\/\/greenreparationsfoundation.org\/wp-content\/uploads\/2023\/06\/Comte-de-Malartic.pdf\" class=\"wp-block-file__button wp-element-button\" download aria-describedby=\"wp-block-file--media-1db078c4-81e2-4a77-b37a-686dbeb8dcbf\">T\u00e9l\u00e9charger<\/a><\/div>\n\n\n\n<p><\/p>\n","protected":false},"excerpt":{"rendered":"<p>Afin de faire la lumi\u00e8re sur l&rsquo;Histoire de Maurice, nous souhaitons mettre en avant des personnalit\u00e9s soit trop peu mises en \u00e9vidence alors qu&rsquo;elles ont contribu\u00e9 \u00e0 de grandes avanc\u00e9es \u00e0 Maurice ou \u00e0 l&rsquo;inverse r\u00e9tablir la v\u00e9rit\u00e9 sur des personnes dont le nom est encore c\u00e9l\u00e9br\u00e9 pour l&rsquo;aide apport\u00e9e sur l&rsquo;\u00eele mais en occultant [&hellip;]<\/p>\n","protected":false},"author":1,"featured_media":0,"parent":0,"menu_order":0,"comment_status":"closed","ping_status":"closed","template":"","meta":{"_regular_price":[],"currency_symbol":[],"footnotes":""},"class_list":["post-672","page","type-page","status-publish","hentry"],"post_slider_layout_featured_media_urls":{"thumbnail":"","post_slider_layout_landscape_large":"","post_slider_layout_portrait_large":"","post_slider_layout_square_large":"","post_slider_layout_landscape":"","post_slider_layout_portrait":"","post_slider_layout_square":"","full":""},"yoast_head":"<!-- This site is optimized with the Yoast SEO plugin v27.4 - https:\/\/yoast.com\/product\/yoast-seo-wordpress\/ -->\n<title>Qui sont-ils ? - Green Reparations Foundation<\/title>\n<meta name=\"description\" content=\"Afin de faire la lumi\u00e8re sur l&#039;Histoire de Maurice, nous souhaitons mettre en avant des personnalit\u00e9s soit trop peu mises en \u00e9vidence alors qu&#039;elles ont contribu\u00e9 \u00e0 de grandes avanc\u00e9es \u00e0 Maurice ou \u00e0 l&#039;inverse r\u00e9tablir la v\u00e9rit\u00e9 sur des personnes dont le nom est encore c\u00e9l\u00e9br\u00e9 pour l&#039;aide apport\u00e9e sur l&#039;\u00eele mais en occultant le fait qu&#039;ils ont b\u00e9n\u00e9fici\u00e9 de l&#039;esclavage et de la traite n\u00e9gri\u00e8re.\" \/>\n<meta name=\"robots\" content=\"index, follow, max-snippet:-1, max-image-preview:large, max-video-preview:-1\" \/>\n<link rel=\"canonical\" href=\"https:\/\/greenreparationsfoundation.org\/?page_id=672\" \/>\n<meta property=\"og:locale\" content=\"fr_FR\" \/>\n<meta property=\"og:type\" content=\"article\" \/>\n<meta property=\"og:title\" content=\"Qui sont-ils ? - Green Reparations Foundation\" \/>\n<meta property=\"og:description\" content=\"Afin de faire la lumi\u00e8re sur l&#039;Histoire de Maurice, nous souhaitons mettre en avant des personnalit\u00e9s soit trop peu mises en \u00e9vidence alors qu&#039;elles ont contribu\u00e9 \u00e0 de grandes avanc\u00e9es \u00e0 Maurice ou \u00e0 l&#039;inverse r\u00e9tablir la v\u00e9rit\u00e9 sur des personnes dont le nom est encore c\u00e9l\u00e9br\u00e9 pour l&#039;aide apport\u00e9e sur l&#039;\u00eele mais en occultant le fait qu&#039;ils ont b\u00e9n\u00e9fici\u00e9 de l&#039;esclavage et de la traite n\u00e9gri\u00e8re.\" \/>\n<meta property=\"og:url\" content=\"https:\/\/greenreparationsfoundation.org\/?page_id=672\" \/>\n<meta property=\"og:site_name\" content=\"Green Reparations Foundation\" \/>\n<meta property=\"article:modified_time\" content=\"2023-06-05T12:12:58+00:00\" \/>\n<meta name=\"twitter:card\" content=\"summary_large_image\" \/>\n<meta name=\"twitter:label1\" content=\"Dur\u00e9e de lecture estim\u00e9e\" \/>\n\t<meta name=\"twitter:data1\" content=\"1 minute\" \/>\n<script type=\"application\/ld+json\" class=\"yoast-schema-graph\">{\"@context\":\"https:\\\/\\\/schema.org\",\"@graph\":[{\"@type\":\"WebPage\",\"@id\":\"https:\\\/\\\/greenreparationsfoundation.org\\\/?page_id=672\",\"url\":\"https:\\\/\\\/greenreparationsfoundation.org\\\/?page_id=672\",\"name\":\"Qui sont-ils ? - Green Reparations Foundation\",\"isPartOf\":{\"@id\":\"https:\\\/\\\/greenreparationsfoundation.org\\\/#website\"},\"datePublished\":\"2021-06-22T10:19:04+00:00\",\"dateModified\":\"2023-06-05T12:12:58+00:00\",\"description\":\"Afin de faire la lumi\u00e8re sur l'Histoire de Maurice, nous souhaitons mettre en avant des personnalit\u00e9s soit trop peu mises en \u00e9vidence alors qu'elles ont contribu\u00e9 \u00e0 de grandes avanc\u00e9es \u00e0 Maurice ou \u00e0 l'inverse r\u00e9tablir la v\u00e9rit\u00e9 sur des personnes dont le nom est encore c\u00e9l\u00e9br\u00e9 pour l'aide apport\u00e9e sur l'\u00eele mais en occultant le fait qu'ils ont b\u00e9n\u00e9fici\u00e9 de l'esclavage et de la traite n\u00e9gri\u00e8re.\",\"breadcrumb\":{\"@id\":\"https:\\\/\\\/greenreparationsfoundation.org\\\/?page_id=672#breadcrumb\"},\"inLanguage\":\"fr-FR\",\"potentialAction\":[{\"@type\":\"ReadAction\",\"target\":[\"https:\\\/\\\/greenreparationsfoundation.org\\\/?page_id=672\"]}]},{\"@type\":\"BreadcrumbList\",\"@id\":\"https:\\\/\\\/greenreparationsfoundation.org\\\/?page_id=672#breadcrumb\",\"itemListElement\":[{\"@type\":\"ListItem\",\"position\":1,\"name\":\"Accueil\",\"item\":\"https:\\\/\\\/greenreparationsfoundation.org\\\/\"},{\"@type\":\"ListItem\",\"position\":2,\"name\":\"Qui sont-ils ?\"}]},{\"@type\":\"WebSite\",\"@id\":\"https:\\\/\\\/greenreparationsfoundation.org\\\/#website\",\"url\":\"https:\\\/\\\/greenreparationsfoundation.org\\\/\",\"name\":\"Green Reparations Foundation\",\"description\":\"\",\"potentialAction\":[{\"@type\":\"SearchAction\",\"target\":{\"@type\":\"EntryPoint\",\"urlTemplate\":\"https:\\\/\\\/greenreparationsfoundation.org\\\/?s={search_term_string}\"},\"query-input\":{\"@type\":\"PropertyValueSpecification\",\"valueRequired\":true,\"valueName\":\"search_term_string\"}}],\"inLanguage\":\"fr-FR\"}]}<\/script>\n<!-- \/ Yoast SEO plugin. -->","yoast_head_json":{"title":"Qui sont-ils ? - Green Reparations Foundation","description":"Afin de faire la lumi\u00e8re sur l'Histoire de Maurice, nous souhaitons mettre en avant des personnalit\u00e9s soit trop peu mises en \u00e9vidence alors qu'elles ont contribu\u00e9 \u00e0 de grandes avanc\u00e9es \u00e0 Maurice ou \u00e0 l'inverse r\u00e9tablir la v\u00e9rit\u00e9 sur des personnes dont le nom est encore c\u00e9l\u00e9br\u00e9 pour l'aide apport\u00e9e sur l'\u00eele mais en occultant le fait qu'ils ont b\u00e9n\u00e9fici\u00e9 de l'esclavage et de la traite n\u00e9gri\u00e8re.","robots":{"index":"index","follow":"follow","max-snippet":"max-snippet:-1","max-image-preview":"max-image-preview:large","max-video-preview":"max-video-preview:-1"},"canonical":"https:\/\/greenreparationsfoundation.org\/?page_id=672","og_locale":"fr_FR","og_type":"article","og_title":"Qui sont-ils ? - Green Reparations Foundation","og_description":"Afin de faire la lumi\u00e8re sur l'Histoire de Maurice, nous souhaitons mettre en avant des personnalit\u00e9s soit trop peu mises en \u00e9vidence alors qu'elles ont contribu\u00e9 \u00e0 de grandes avanc\u00e9es \u00e0 Maurice ou \u00e0 l'inverse r\u00e9tablir la v\u00e9rit\u00e9 sur des personnes dont le nom est encore c\u00e9l\u00e9br\u00e9 pour l'aide apport\u00e9e sur l'\u00eele mais en occultant le fait qu'ils ont b\u00e9n\u00e9fici\u00e9 de l'esclavage et de la traite n\u00e9gri\u00e8re.","og_url":"https:\/\/greenreparationsfoundation.org\/?page_id=672","og_site_name":"Green Reparations Foundation","article_modified_time":"2023-06-05T12:12:58+00:00","twitter_card":"summary_large_image","twitter_misc":{"Dur\u00e9e de lecture estim\u00e9e":"1 minute"},"schema":{"@context":"https:\/\/schema.org","@graph":[{"@type":"WebPage","@id":"https:\/\/greenreparationsfoundation.org\/?page_id=672","url":"https:\/\/greenreparationsfoundation.org\/?page_id=672","name":"Qui sont-ils ? - Green Reparations Foundation","isPartOf":{"@id":"https:\/\/greenreparationsfoundation.org\/#website"},"datePublished":"2021-06-22T10:19:04+00:00","dateModified":"2023-06-05T12:12:58+00:00","description":"Afin de faire la lumi\u00e8re sur l'Histoire de Maurice, nous souhaitons mettre en avant des personnalit\u00e9s soit trop peu mises en \u00e9vidence alors qu'elles ont contribu\u00e9 \u00e0 de grandes avanc\u00e9es \u00e0 Maurice ou \u00e0 l'inverse r\u00e9tablir la v\u00e9rit\u00e9 sur des personnes dont le nom est encore c\u00e9l\u00e9br\u00e9 pour l'aide apport\u00e9e sur l'\u00eele mais en occultant le fait qu'ils ont b\u00e9n\u00e9fici\u00e9 de l'esclavage et de la traite n\u00e9gri\u00e8re.","breadcrumb":{"@id":"https:\/\/greenreparationsfoundation.org\/?page_id=672#breadcrumb"},"inLanguage":"fr-FR","potentialAction":[{"@type":"ReadAction","target":["https:\/\/greenreparationsfoundation.org\/?page_id=672"]}]},{"@type":"BreadcrumbList","@id":"https:\/\/greenreparationsfoundation.org\/?page_id=672#breadcrumb","itemListElement":[{"@type":"ListItem","position":1,"name":"Accueil","item":"https:\/\/greenreparationsfoundation.org\/"},{"@type":"ListItem","position":2,"name":"Qui sont-ils ?"}]},{"@type":"WebSite","@id":"https:\/\/greenreparationsfoundation.org\/#website","url":"https:\/\/greenreparationsfoundation.org\/","name":"Green Reparations Foundation","description":"","potentialAction":[{"@type":"SearchAction","target":{"@type":"EntryPoint","urlTemplate":"https:\/\/greenreparationsfoundation.org\/?s={search_term_string}"},"query-input":{"@type":"PropertyValueSpecification","valueRequired":true,"valueName":"search_term_string"}}],"inLanguage":"fr-FR"}]}},"_links":{"self":[{"href":"https:\/\/greenreparationsfoundation.org\/index.php?rest_route=\/wp\/v2\/pages\/672","targetHints":{"allow":["GET"]}}],"collection":[{"href":"https:\/\/greenreparationsfoundation.org\/index.php?rest_route=\/wp\/v2\/pages"}],"about":[{"href":"https:\/\/greenreparationsfoundation.org\/index.php?rest_route=\/wp\/v2\/types\/page"}],"author":[{"embeddable":true,"href":"https:\/\/greenreparationsfoundation.org\/index.php?rest_route=\/wp\/v2\/users\/1"}],"replies":[{"embeddable":true,"href":"https:\/\/greenreparationsfoundation.org\/index.php?rest_route=%2Fwp%2Fv2%2Fcomments&post=672"}],"version-history":[{"count":7,"href":"https:\/\/greenreparationsfoundation.org\/index.php?rest_route=\/wp\/v2\/pages\/672\/revisions"}],"predecessor-version":[{"id":1021,"href":"https:\/\/greenreparationsfoundation.org\/index.php?rest_route=\/wp\/v2\/pages\/672\/revisions\/1021"}],"wp:attachment":[{"href":"https:\/\/greenreparationsfoundation.org\/index.php?rest_route=%2Fwp%2Fv2%2Fmedia&parent=672"}],"curies":[{"name":"wp","href":"https:\/\/api.w.org\/{rel}","templated":true}]}}